he prime factors of m(47)?
12161
Let r = 74 - 99. Let o = 88 + r. List the prime factors of o.
3, 7
Suppose 10*v = 5*v + 4*t + 30, -3*t - 13 = v. List the prime factors of (-1)/v - (-6)/(-4) - -420.
2, 11, 19
Let s = -17 + 20. Let x(c) = c**3 + 14*c**2 - c. Let r be x(-14). What are the prime factors of (-5 + r)/(s/58)?
2, 3, 29
Suppose 0 = 3*a - 4*a. Suppose z + 5*w = 25, a*z - 5*z + w = -177. Suppose 0 = u - 120 + z. List the prime factors of u.
5, 17
Let j(o) = 3*o**2 - 120*o + 33294. What are the prime factors of j(0)?
2, 3, 31, 179
List the prime factors of (-780)/(-650)*126120/9.
2, 1051
Suppose -3*j + 2*c = -87, 0 = 5*j - 6*c + 3*c - 146. Let s(b) = 50 - 22 + 7*b**2 - j - b. List the prime factors of s(3).
3, 19
Let t be (1 + (-2)/4)/((-7)/(-3402)). Suppose x = 5*k - 176 - 1094, 2*x = -k + t. List the prime factors of k.
11, 23
Let f be (-49)/(-7 + 0) + (-6)/3. Let u(g) = 7 - g + 6*g**2 + g**2 + 6*g. What are the prime factors of u(f)?
3, 23
Let b(q) = 171*q**3 + q**2 + 8*q - 1 + 3*q**2 - 7*q - 480*q**3. List the prime factors of b(-1).
311
List the prime factors of 3*(56/(-112) - 22/(-12)) - -2715.
2719
Let j = 12635 - 6179. What are the prime factors of j?
2, 3, 269
Let g = 27 + -19. Suppose q = g*q. What are the prime factors of (-36)/(-42)*(q - -112)?
2, 3
Let f be 29/5 - (-132)/(-165). Suppose f*q + 223 = 2*w, -4*w - 7*q + 439 = -10*q. List the prime factors of w.
109
Let r(w) be the first derivative of 40*w**2 + w + 29. What are the prime factors of r(2)?
7, 23
Suppose -5*z = 4*z. Suppose -2*s - 2*w = -z + 2, -19 = -5*s + w. Suppose -5*f + 4*o + 0 = -40, s*o + 33 = 4*f. What are the prime factors of f?
2, 3
List the prime factors of (-3349)/(-3) - (9/27 - -1).
5, 223
Let i(t) = 8*t**3 - 7*t**2 - 4*t - 105. List the prime factors of i(8).
3511
Let a = -63 - -66. Let p(n) = -n**3 + 2*n**2 + 6*n - 4. Let i be p(a). Suppose -4*r = -3*q - 502, -q = -4*r - i*q + 516. List the prime factors of r.
127
Let r be 1/3*6 + 306. Suppose -2*l + r = 4*t - 518, 0 = -5*l - 4*t + 2047. List the prime factors of l.
11, 37
Suppose -2*v - 4*a = -9384, 109*a - 9382 = -2*v + 107*a. What are the prime factors of v?
2, 5, 7, 67
Suppose -218*j + 7123488 + 5839446 = 0. What are the prime factors of j?
3, 6607
Let f(w) = 4*w**3 - 8*w**2 + 5*w - 19. Let c be f(8). Let v = c - 456. Suppose 0 = -2*k - k + 5*n + 658, 5*k - v = 4*n. List the prime factors of k.
13, 17
Suppose -24*d + 21059 = -421. List the prime factors of ((-24)/60)/((-1)/d).
2, 179
List the prime factors of (4/((-176)/(-187)))/(5 - 155217/31044).
13, 17, 199
Suppose 0 = -0*t + 4*t. Suppose -3*y = t, -2*y - 2*y + 655 = 5*u. Suppose r = -4*j + u, -r - 583 = -6*r + 4*j. What are the prime factors of r?
7, 17
Let q be (0 - -5)*12/(-10). Let l be (-1 - 58/q)*6. Suppose 318 = 5*a - l. List the prime factors of a.
2, 37
Suppose -3*f + 5*t = -66 - 44, 102 = 3*f - 3*t. Suppose 5*c - 3*a + 0*a = 35, -f = -c - 4*a. List the prime factors of c.
2, 5
Let s = -147 + 151. What are the prime factors of -2*(-5 + s - -3)*-112?
2, 7
Let u(i) = -12*i + 64. Let l be u(-13). Suppose 77*c - 73*c = y - l, 4*y - 910 = c. What are the prime factors of y?
2, 3, 19
Let s be (-3304)/22 - (2 + 48/(-22)). List the prime factors of (7/((-56)/s))/(2/32).
2, 3, 5
Let a(j) = 39*j + 38*j - 79*j + 35. Suppose -5*i + 2*q = 0, -q = i - 4*i. List the prime factors of a(i).
5, 7
Suppose -9 = -5*l - 2*d, -l - 3*d = -8*d - 18. Suppose -75 = l*a + 3*f, 5*a = 3*f - 89 - 36. Let o = a + 83. List the prime factors of o.
2, 29
Let h = 1282 + 23891. List the prime factors of h.
3, 2797
Let y = 139 - 135. Suppose 3*r - y*t - 448 = -r, -326 = -3*r + 5*t. List the prime factors of r.
3, 13
Let m(y) = y**3 - 12*y**2 + 16*y - 23. Let g be m(10). Let h be (3 + -5)/2 - g. Suppose b = -3*v + 64, 3*v + 3*b - b = h. List the prime factors of v.
2, 11
Let l be 9790/(-8) + 4/(-16). What are the prime factors of (l/45)/((-2)/15)?
2, 3, 17
Let z(q) = q**2 + 2. Let k be z(0). Suppose 45*w = 48*w + 351. List the prime factors of (-1 - -11)/((-9)/(w/k)).
5, 13
Let d be ((7 - 9)*11)/((-4)/58). Let j = -156 + d. What are the prime factors of j?
163
Let a(x) = 111*x + 1 - 1 - 5 + 2. Let d be (272/85 - 12/(-15)) + -3. What are the prime factors of a(d)?
2, 3
Suppose -w + 11*w - 5*w = 0. Suppose -3*y + 5*q + 540 = w, q + 3 = -0. List the prime factors of y.
5, 7
Suppose 9*l - 448 = -5*l. Suppose 10*m - l = 2*m. Suppose 0 = m*n - 474 - 406. What are the prime factors of n?
2, 5, 11
Suppose -40*a - 42*a = -100*a + 628128. List the prime factors of a.
2, 3, 727
Let v = -653 + 668. Suppose 1155 = -v*q + 22*q. What are the prime factors of q?
3, 5, 11
Suppose 0 = -h - 27*h - 7*h + 264075. List the prime factors of h.
3, 5, 503
Let c(i) = i**3 + 6*i**2 + 2*i. Let q be c(-5). Let n be ((-1056)/(-198))/(4/66). List the prime factors of n/(-16)*(1 - q).
7, 11
Suppose -3*w = f - 12499, -3*w - 195 + 189 = 0. What are the prime factors of f?
5, 41, 61
Suppose 5*v + 8876 = 2*f, 0 = -36*f + 33*f + 5*v + 13309. What are the prime factors of f?
11, 13, 31
Let g = -58964 - -98294. List the prime factors of g.
2, 3, 5, 19, 23
Let h = 1443 + -234. Suppose -3*s + h = -576. List the prime factors of s.
5, 7, 17
Let f = 1773 - 950. Let n = f + -436. List the prime factors of n.
3, 43
Let j(w) = 97*w**2 + 64*w - 63. What are the prime factors of j(15)?
2, 3, 7, 541
Suppose -4*m + 2 = 3*s - 15, 5*s = -m. Suppose 5*c - 15*b = -19*b + 7757, -3*c = -m*b - 4669. What are the prime factors of c?
1553
Let c(f) = 7*f**2 - 112*f + 1231. List the prime factors of c(75).
2, 16103
Let c be ((-2)/4)/(2/(-12)). Suppose 4*t = -2*h - h + 355, -h = -c*t + 263. List the prime factors of t.
2, 11
Suppose 0 = -4*h - 2*n + 11 - 1, 4*h - 16 = 4*n. Suppose 3*o - 4*o + 157 = h*z, 5*o = 4*z + 823. Suppose -2*d + 27 = -o. What are the prime factors of d?
5, 19
Suppose 0 = 213*a - 204*a - 63. List the prime factors of 1074/4 + ((-7)/(-2))/a.
269
Let m(d) = -d**3 + 19*d**2 - 29*d + 40. Let f be -9*((-24)/60)/((-3)/(-10)). List the prime factors of m(f).
2, 5, 7
What are the prime factors of (23 - -6637)*(-8 - -9)?
2, 3, 5, 37
Suppose 26*p - 27*p - 1915 = 0. Let j = p + 2955. List the prime factors of j.
2, 5, 13
Let c = -18841 + 27825. What are the prime factors of c?
2, 1123
Let g = -4650 - -11465. What are the prime factors of g?
5, 29, 47
Suppose 0 = -12*n + 9*n + 27. Suppose 0 = n*l + 263 + 160. Let i = l + 104. What are the prime factors of i?
3, 19
Let d(p) be the first derivative of -1/2*p**2 + 0*p + 1/3*p**3 - 4 + 21/4*p**4. What are the prime factors of d(2)?
2, 5, 17
Suppose 87*i = 73*i + 228676. List the prime factors of i.
2, 8167
Suppose -4*o - 28 - 8 = 0. Let w be (9/6)/(o/(-12)). Suppose 3*z - 2*y = 4*z - 44, w*z = 3*y + 109. List the prime factors of z.
2, 5
Let l(z) = -14*z + 6*z**2 + 5*z + 12 + 8*z. List the prime factors of l(-6).
2, 3, 13
What are the prime factors of ((-24)/5 + -2)/((-56980)/(-11400) + -5)?
2, 3, 17, 19
Let r(l) be the first derivative of -34*l**2 - 99*l - 125. List the prime factors of r(-6).
3, 103
Let w(l) = -217*l + 868. Let j be w(4). Suppose 2*q - 121 = -5*d + q, -3*d + 68 = -4*q. Suppose j = -2*f + d + 42. What are the prime factors of f?
3, 11
Suppose 9*s + 705 = 111. List the prime factors of 3*(11/(s/(-436)) - -1).
13, 17
Suppose 3*v = 2*g - 129869, 3*g + v - 194849 = -v. What are the prime factors of g?
5, 31, 419
Let a(j) = -13948*j - 5816. List the prime factors of a(-4).
2, 6247
Suppose 5*j - 5112 = 3*j. Suppose 5*t = -t + j. List the prime factors of t.
2, 3, 71
Let o(f) = -75*f + 31. Suppose 26*d + 11*d + 296 = 0. List the prime factors of o(d).
631
Suppose 5*h + 3*h = 2*h. Suppose -n + 934 = -3*z, 952 = n - h*n + 3*z. List the prime factors of n.
23, 41
Suppose 0 = 15*r - 22*r - 14. Let w(q) = 105*q**2 - 4*q - 3. List the prime factors of w(r).
5, 17
Let b = -10946 + 13662. What are the prime factors of b?
2, 7, 97
Let q = 11235 + -4399. List the prime factors of q.
2, 1709
Suppose 9*l - 10*l + 10 = 0. Let q(r) = 2*r - 27. Let s be q(l). Let j(y) = y**3 + 9*y**2 - 6*y + 27. What are the prime factors of j(s)?
167
Let s be -1 + 1 - (2 + 13 + -29). Let z(l) = 4*l**2 - 3*l - 30. List the prime factors of z(s).
2, 89
Let w(d) = 408*d**2 - 13*d - 50. What are t